{"id":40,"date":"2019-02-15T14:05:28","date_gmt":"2019-02-15T14:05:28","guid":{"rendered":"https:\/\/adamer.eu\/?page_id=40"},"modified":"2024-02-21T12:28:14","modified_gmt":"2024-02-21T11:28:14","slug":"pharmazeutin","status":"publish","type":"page","link":"https:\/\/adamer.eu\/index.php\/pharmazeutin\/","title":{"rendered":"Pharmazeutin"},"content":{"rendered":"\n<p>&#8222;Jede Krankheit, jedes gesundheitliche Problem hat einen besonderen Sinn, denn jede Krankheit ist eine Reinigung.&#8220; (Morgenstern)<\/p>\n\n\n\n<p>Ich bin Pharmazeutin, habe mich jedoch schon von Beginn der Jugend an den N\u00e4hrstoffen verschrieben.<\/p>\n\n\n\n<p>Neben meiner T\u00e4tigkeit in einer \u00f6ffentlichen Apotheke widme ich mich vor allem der Fort- und Weiterbildung von \u00c4rzten, Pharmazeuten und Gesundheitsexperten.<\/p>\n\n\n\n<p>An der PMU Salzburg wurden mir die Lehrg\u00e4nge \u201eErn\u00e4hrungsmedizinische Grundlagen der Pharmazie\u201c und \u201eErn\u00e4hrungswissenschaftliche Grundlagen\u201c anvertraut. Vor allem jedoch bereichert meine Referentent\u00e4tigkeit f\u00fcr die N\u00e4hrstoffakademie Salzburg, die \u00f6sterreichische Apothekerkammer und den VAA\u00d6 meinen beruflichen Alltag und rundet mein pharmazeutisches T\u00e4tigkeitsfeld ab.<\/p>\n\n\n\n<p>Die Pharmazie ist ein unheimlich spannendes Gebiet. Verhasst von Vielen, die sich mitreissen lassen durch die Gegner der Pharmaindustrie und gleichzeitig von genau denselben Menschen dann doch dankend angenommen. Es hei\u00dft immer, dass die Medizin uns weder heilen noch sterben lassen m\u00f6chte. Mir war meine Gesundheit und mein K\u00f6rper immer so wichtig, dass ich mich nicht auf irgendwelche halbwahren Aussagen verlassen wollte, die t\u00e4glich von allen Seiten auf uns einprasseln. Ich wollte schon seit jeher den Organismus verstehen und die Zusammenh\u00e4nge in unserem K\u00f6rper und mit unserem Unterbewusstsein begreifen. Daf\u00fcr hab ich jede Minute meines bisherigen Lebens genutzt, um heute hier vor Ihnen zu stehen und sagen zu k\u00f6nnen, dass ich ein wenig von diesem komplexen Zusammenspiel begreifen kann. Das macht mich nicht zu einem Wunderheiler, aber zu einer Person, die Situationen einsch\u00e4tzen gelernt hat und eines ist mir in all den Jahren bewusst geworden: <\/p>\n\n\n\n<p><em>Es fehlt in der heutigen Zeit immer mehr an ehrlicher Beratung. Es fehlt an Zeit f\u00fcr das Gegen\u00fcber, an individuelles Einstellen von Patienten. Das ist es was mich begeistert an meinem Beruf und das ist es, das mich jeden Tag voller Energie aufwachen l\u00e4sst.<\/em><\/p>\n\n\n\n<ul class=\"wp-block-list\">\n<li> Klassische pharmazeutische Beratung <\/li>\n\n\n\n<li>Kenntnis der Metabolisierung von Arzneistoffen und deren apotheken-relevante Auswirkung auf Dosierung und Wechselwirkung mit anderen Arzneimitteln <\/li>\n\n\n\n<li>Arzneimittelwechselwirkungen <\/li>\n\n\n\n<li>Alternativmedizinische Beratung<\/li>\n\n\n\n<li>Kr\u00e4uterlehre<\/li>\n\n\n\n<li>Nahrungserg\u00e4nzungsmittelberatung<\/li>\n<\/ul>\n","protected":false},"excerpt":{"rendered":"<p>&#8222;Jede Krankheit, jedes gesundheitliche Problem hat einen besonderen Sinn, denn jede Krankheit ist eine Reinigung.&#8220; (Morgenstern) Ich bin Pharmazeutin, habe mich jedoch schon von Beginn der Jugend an den N\u00e4hrstoffen verschrieben. Neben meiner T\u00e4tigkeit in einer \u00f6ffentlichen Apotheke widme ich mich vor allem der Fort- und Weiterbildung von \u00c4rzten, Pharmazeuten und Gesundheitsexperten. An der PMU &hellip; <\/p>\n<p class=\"link-more\"><a href=\"https:\/\/adamer.eu\/index.php\/pharmazeutin\/\" class=\"more-link\"><span class=\"screen-reader-text\">\u201ePharmazeutin\u201c <\/span>weiterlesen<\/a><\/p>\n","protected":false},"author":1,"featured_media":105,"parent":0,"menu_order":0,"comment_status":"closed","ping_status":"closed","template":"","meta":{"footnotes":""},"class_list":["post-40","page","type-page","status-publish","has-post-thumbnail","hentry"],"_links":{"self":[{"href":"https:\/\/adamer.eu\/index.php\/wp-json\/wp\/v2\/pages\/40","targetHints":{"allow":["GET"]}}],"collection":[{"href":"https:\/\/adamer.eu\/index.php\/wp-json\/wp\/v2\/pages"}],"about":[{"href":"https:\/\/adamer.eu\/index.php\/wp-json\/wp\/v2\/types\/page"}],"author":[{"embeddable":true,"href":"https:\/\/adamer.eu\/index.php\/wp-json\/wp\/v2\/users\/1"}],"replies":[{"embeddable":true,"href":"https:\/\/adamer.eu\/index.php\/wp-json\/wp\/v2\/comments?post=40"}],"version-history":[{"count":5,"href":"https:\/\/adamer.eu\/index.php\/wp-json\/wp\/v2\/pages\/40\/revisions"}],"predecessor-version":[{"id":339,"href":"https:\/\/adamer.eu\/index.php\/wp-json\/wp\/v2\/pages\/40\/revisions\/339"}],"wp:featuredmedia":[{"embeddable":true,"href":"https:\/\/adamer.eu\/index.php\/wp-json\/wp\/v2\/media\/105"}],"wp:attachment":[{"href":"https:\/\/adamer.eu\/index.php\/wp-json\/wp\/v2\/media?parent=40"}],"curies":[{"name":"wp","href":"https:\/\/api.w.org\/{rel}","templated":true}]}}